{"id":29,"date":"2011-12-13T08:35:07","date_gmt":"2011-12-13T07:35:07","guid":{"rendered":"http:\/\/www.pikal.at\/wordpress\/?page_id=29"},"modified":"2017-12-05T13:33:14","modified_gmt":"2017-12-05T12:33:14","slug":"meine-werke","status":"publish","type":"page","link":"https:\/\/www.pikal.at\/wordpress\/?page_id=29","title":{"rendered":"B\u00fccher"},"content":{"rendered":"<p>Mein neuestes Buch <strong>&#8220; In Bewegung&#8220;<\/strong>\u00a0ist im November erschienen.<\/p>\n<p><img loading=\"lazy\" decoding=\"async\" class=\"alignnone size-medium wp-image-661\" src=\"https:\/\/www.pikal.at\/wordpress\/wp-content\/uploads\/2011\/12\/Cover_In-Bewegung_fond_e02_vb-160x300.jpg\" alt=\"\" width=\"160\" height=\"300\" srcset=\"https:\/\/www.pikal.at\/wordpress\/wp-content\/uploads\/2011\/12\/Cover_In-Bewegung_fond_e02_vb-160x300.jpg 160w, https:\/\/www.pikal.at\/wordpress\/wp-content\/uploads\/2011\/12\/Cover_In-Bewegung_fond_e02_vb-768x1444.jpg 768w, https:\/\/www.pikal.at\/wordpress\/wp-content\/uploads\/2011\/12\/Cover_In-Bewegung_fond_e02_vb-545x1024.jpg 545w, https:\/\/www.pikal.at\/wordpress\/wp-content\/uploads\/2011\/12\/Cover_In-Bewegung_fond_e02_vb.jpg 1370w\" sizes=\"auto, (max-width: 160px) 100vw, 160px\" \/><\/p>\n<p><strong>&#8222;Quer durchs Land&#8220;\u00a0 &#8211; Rund um den Wiener Neust\u00e4dte<\/strong><strong>r Kanal<br \/>\n<\/strong><\/p>\n<p><img loading=\"lazy\" decoding=\"async\" class=\"alignnone size-medium wp-image-600\" src=\"https:\/\/www.pikal.at\/wordpress\/wp-content\/uploads\/2011\/12\/Cover-Gesamt_QdL-Wr-Neust\u00e4dter-Kanal_g01e02_bv1-300x113.jpg\" alt=\"Cover Gesamt_QdL Wr Neust\u00e4dter Kanal_g01e02_bv1\" width=\"300\" height=\"113\" srcset=\"https:\/\/www.pikal.at\/wordpress\/wp-content\/uploads\/2011\/12\/Cover-Gesamt_QdL-Wr-Neust\u00e4dter-Kanal_g01e02_bv1-300x113.jpg 300w, https:\/\/www.pikal.at\/wordpress\/wp-content\/uploads\/2011\/12\/Cover-Gesamt_QdL-Wr-Neust\u00e4dter-Kanal_g01e02_bv1-768x290.jpg 768w, https:\/\/www.pikal.at\/wordpress\/wp-content\/uploads\/2011\/12\/Cover-Gesamt_QdL-Wr-Neust\u00e4dter-Kanal_g01e02_bv1-1024x387.jpg 1024w\" sizes=\"auto, (max-width: 300px) 100vw, 300px\" \/><\/p>\n<p>Mit dem Feingef\u00fchl f\u00fcr das vielf\u00e4ltige Farbenspiel der Natur und der Gabe, im richtigen Augenblick auf den Ausl\u00f6ser zu dr\u00fccken, gelang es dem Fotok\u00fcnstler Walter Filler eine einzigartige Fotoserie rund um den Kanal zu erschaffen. Literarisch bereichert mit Aphorismen und Gedichten aus meiner Feder.<\/p>\n<p>&nbsp;<\/p>\n<p><strong>Hurra wir ziehn aufs Land<\/strong><\/p>\n<p>Am 5. November 2014\u00a0pr\u00e4sentierte ich mein 5. Buch &#8222;Hurra, wir ziehen aufs Land&#8220;.<\/p>\n<p>Wer tr\u00e4umt nicht von einem eigenen Haus und einem ruhigen Leben auf dem Land? Wenn man erst nach der Lebensmitte damit beginnt, diese Tr\u00e4ume zu verwirklichen, wenn die Wirklichkeit alles andere als beschaulich ist, die Provisorien zu Dauereinrichtungen werden und die Pannen sich aneinanderreihen, ist vor allem eines gefragt: Humor. Humor ist der Weichsp\u00fcler der Katastrophen.<\/p>\n<p>Erlebnisse eines Neubeginns, mit einem Augenzwinkern betrachtet.<\/p>\n<p><a href=\"https:\/\/www.pikal.at\/wordpress\/wp-content\/uploads\/2011\/12\/titelbild_e04_bv.jpg\"><img loading=\"lazy\" decoding=\"async\" class=\"alignnone size-full wp-image-381\" src=\"https:\/\/www.pikal.at\/wordpress\/wp-content\/uploads\/2011\/12\/titelbild_e04_bv.jpg\" alt=\"titelbild_e04_bv\" width=\"697\" height=\"1287\" srcset=\"https:\/\/www.pikal.at\/wordpress\/wp-content\/uploads\/2011\/12\/titelbild_e04_bv.jpg 697w, https:\/\/www.pikal.at\/wordpress\/wp-content\/uploads\/2011\/12\/titelbild_e04_bv-162x300.jpg 162w, https:\/\/www.pikal.at\/wordpress\/wp-content\/uploads\/2011\/12\/titelbild_e04_bv-554x1024.jpg 554w\" sizes=\"auto, (max-width: 697px) 100vw, 697px\" \/><\/a><\/p>\n<p>&nbsp;<\/p>\n<p>Die Tage sind nun schon k\u00fcrzer und die Abende l\u00e4nger geworden. Die Herbstarbeit\u00a0 ist erledigt, die Natur geht schlafen und es wird wieder still. Die K\u00e4lte und N\u00e4sse treibt uns in die warme Stube. Dann ist die Zeit zum Lesen oder Vorlesen, Schreiben oder Erinnern an Erlebnisse, die in dieser Zeit geschehen sind und die mich ber\u00fchrt haben und vielleicht auch euer Herz bewegen.<\/p>\n<p><a href=\"https:\/\/www.pikal.at\/wordpress\/wp-content\/uploads\/2011\/12\/Und-wieder-wirds-st\u00fc.jpg\"><img loading=\"lazy\" decoding=\"async\" class=\"alignnone wp-image-306\" src=\"https:\/\/www.pikal.at\/wordpress\/wp-content\/uploads\/2011\/12\/Und-wieder-wirds-st\u00fc.jpg\" alt=\"Und wieder wirds st\u00fc\" width=\"200\" height=\"371\" srcset=\"https:\/\/www.pikal.at\/wordpress\/wp-content\/uploads\/2011\/12\/Und-wieder-wirds-st\u00fc.jpg 334w, https:\/\/www.pikal.at\/wordpress\/wp-content\/uploads\/2011\/12\/Und-wieder-wirds-st\u00fc-162x300.jpg 162w\" sizes=\"auto, (max-width: 200px) 100vw, 200px\" \/><\/a><\/p>\n<p><b>Und wieder wird&#8217;s st\u00fc<\/b><\/p>\n<p><strong>Rezension: <\/strong>Die teils stille, teils hektische Zeit kurz vor, w\u00e4hrend und nach dem Weihnachtsfest hat Doris Pikal wunderbar eingefangen in Ihrem Buch \u201eUnd wieder wird&#8217;s st\u00fc&#8220;. Mit heiteren und besinnlichen Erz\u00e4hlungen entf\u00fchrt sie die Leserschaft in Ihre Kindheit, in Ihre Jugend und ins Erwachsenenalter. Sie nimmt die Buchliebhaber mit in die Natur und in eine stille Almh\u00fctte, in die Stadt und in einen Kaufmannsladen, wie es ihn fr\u00fcher noch gab. Aber auch die Gegenwart wird geschildert und zum Nachdenken eingeladen. Neben einigen Gedichten hat die Autorin vor allem wahre Erlebnisse festgehalten, die nicht nur zur Weihnachtszeit erfreuen.<\/p>\n<p>Ein Ereignis handelt von einer d\u00f6rflichen Theaterauff\u00fchrung, bei der pl\u00f6tzlich ein Engel fehlte. Die kleine Darstellerin war kurz vor ihrem Auftritt noch einmal in die Umkleide gegangen und hatte begonnen, eine Wange mit dem Lippenstift zu r\u00f6ten. Vom Direktor entdeckt, schrak sie zusammen und der Lippenstift rollte unter eine Kommode. Mit nur einer roten Wange wurde der \u201eunvollkommene&#8220; Engel zur B\u00fchne gezerrt, wo er schlagartig die zweite rote Wange erhielt, bevor sich der Vorhang hob.<\/p>\n<p>Gew\u00f6hnlich werden die Weihnachtsgeschenke in buntem Papier verpackt. Das Geschenkpapier hat meistens nur ein kurzes Dasein und landet nach dem Auspacken des Geschenks gedankenlos im M\u00fcll. Weil f\u00fcr das Papier W\u00e4lder abgeholzt werden m\u00fcssen, machte sich die Autorin Gedanken dar\u00fcber, wie durch den Verbrauch von weniger Papier die Umwelt geschont, dass Geschenkt aber dennoch verh\u00fcllt \u00fcberreicht werden k\u00f6nnte, damit der Entpackungszauber erhalten bleibe. Sie kam auf eine gro\u00dfartige Idee, nachzulesen in: \u201eUnd wieder wird&#8217;s st\u00fc&#8220;<\/p>\n<p>Reinhard Staubach<\/p>\n<p><strong>Schokolade f\u00fcr das Herz: <\/strong>Lebensepisoden eingeteilt nach Schokoladesorten; \u00a0&#8222;Milchschokolade&#8220; f\u00fcr die Kinderzeit, &#8222;Pralinen&#8220; f\u00fcr die Liebe, &#8222;Kochschokolade&#8220; f\u00fcr die Arbeitswelt etc.<\/p>\n<p>In diesem Buch konnte ich meine Leidenschaft f\u00fcr das Schreiben mit meiner Leidenschaft f\u00fcr Schokolade verbinden.<\/p>\n<p style=\"text-align: left;\"><a href=\"https:\/\/www.pikal.at\/wordpress\/wp-content\/uploads\/2011\/12\/SchokofuerHerz.jpg\"><img loading=\"lazy\" decoding=\"async\" class=\"size-medium wp-image-26\" title=\"Schokolade f\u00fcr das Herz\" src=\"https:\/\/www.pikal.at\/wordpress\/wp-content\/uploads\/2011\/12\/SchokofuerHerz-163x300.jpg\" alt=\"\" width=\"163\" height=\"300\" srcset=\"https:\/\/www.pikal.at\/wordpress\/wp-content\/uploads\/2011\/12\/SchokofuerHerz-163x300.jpg 163w, https:\/\/www.pikal.at\/wordpress\/wp-content\/uploads\/2011\/12\/SchokofuerHerz.jpg 272w\" sizes=\"auto, (max-width: 163px) 100vw, 163px\" \/><\/a><\/p>\n<p style=\"padding-left: 30px;\"><b>Rezension:<\/b><br \/>\nDoris Pikal offenbart in ihrem Buch \u201eSchokolade f\u00fcr das Herz\u201c tiefe Einblicke in ihr Leben. Wir erfahren, wie sie manche Situation genoss, aber auch wie sie psychische Belastungen bew\u00e4ltigte. Weder von oben herab, noch tiefstapelnd berichtet sie in leicht verdaulicher Sprache und oft mit einem Augenzwinkern \u00fcber ihre Lebenserfahrungen. Ich bin beeindruckt \u00fcber die Bereitschaft der Autorin, auch unangenehme Lebenssituationen anzunehmen und darin das Gute zu suchen und zu erkennen.<\/p>\n<p style=\"padding-left: 30px;\">Jede Geschichte empfand ich wie \u201eSchokolade f\u00fcr das Herz\u201c. Manchmal s\u00fc\u00df, manchmal herb, aber stets ein angenehmes Gef\u00fchl zur\u00fcck lassend. Besonders angesprochen haben mich \u201eDie Marktl\u00fccke\u201c und \u201eDie neue Frisur\u201c. Wahrscheinlich, weil sich eigene Erfahrungen darin widerspiegelten, so dass ich nicht nur Schmunzeln musste. Andere Geschichten zeigen, wie man auch unangenehmen Ereignissen eine positive Seite abringen kann, wie beispielsweise das Leben mit der alternden Mutter oder dem schwer verungl\u00fcckten Sohn.<\/p>\n<p style=\"padding-left: 30px;\">Es sind \u00fcberwiegend die kleinen Dinge des Alltags, die die Autorin bemerkt und mit einer Portion Humor in den Geschichten ausbreitet. Sie sind nicht nur unterhaltsam, sondern auch lehrreich.\u00a0 Die christliche Religiosit\u00e4t der Autorin ist locker eingeflochten, ohne Aufdringlich zu werden. Auch etliche Gedichte wurden in den Band aufgenommen.<\/p>\n<p style=\"padding-left: 30px;\">Dieses Buch ist geeignet, in unruhigen Zeiten das Herz zu beruhigen, indem man \u00fcber den pers\u00f6nlichen Tellerrand blickt und miterlebt, wie Doris Pikal in den unterschiedlichsten Situationen mitf\u00fchlend und beispielhaft reagierte.<\/p>\n<p style=\"padding-left: 30px;\">Reinhard\u00a0Staubach<\/p>\n<p><strong>Mitten aus dem Leben:\u00a0<\/strong>Geschichten und Gedichte aus dem Alltag. Heiteres und Nachdenkliches zum mitlachen und mitf\u00fchlen<\/p>\n<p><a href=\"https:\/\/www.pikal.at\/wordpress\/wp-content\/uploads\/2011\/12\/Mitten_aus_dem_Leben.jpg\"><img loading=\"lazy\" decoding=\"async\" class=\"size-medium wp-image-24 alignnone\" title=\"Mitten aus dem Leben\" src=\"https:\/\/www.pikal.at\/wordpress\/wp-content\/uploads\/2011\/12\/Mitten_aus_dem_Leben-162x300.jpg\" alt=\"\" width=\"162\" height=\"300\" srcset=\"https:\/\/www.pikal.at\/wordpress\/wp-content\/uploads\/2011\/12\/Mitten_aus_dem_Leben-162x300.jpg 162w, https:\/\/www.pikal.at\/wordpress\/wp-content\/uploads\/2011\/12\/Mitten_aus_dem_Leben.jpg 334w\" sizes=\"auto, (max-width: 162px) 100vw, 162px\" \/><\/a><\/p>\n<p style=\"padding-left: 30px;\"><strong>Rezension:<\/strong><\/p>\n<p style=\"padding-left: 30px;\">\u201eMitten aus dem Leben\u201c gegriffen, sind die Geschichten die Doris Pikal in ihrem ersten\u00a0Buch erz\u00e4hlt und in ihrer Einleitung geht sie n\u00e4her darauf ein:\u201c Unser Leben kann man\u00a0vergleichen mit einer Autoreise um die Welt. Jedem kann alles passieren. Die Stra\u00dfe ist f\u00fcr\u00a0alle dieselbe .Wir erleben die gleichen oder \u00e4hnlichen Eindr\u00fccke, aber auf Grund unserer\u00a0Verschiedenheit und unserer Einstellung sind sie f\u00fcr jeden anders\u2026..\u201c<\/p>\n<p style=\"padding-left: 30px;\">In ihrem Buch betrachtet Pikal diese \u201eAutoreise subjektiv\u201c durch die eigene Brille.\u00a0Aber sie beschreibt sie so allgemeing\u00fcltig, dass es dem Leser nicht schwer f\u00e4llt, sich in\u00a0der einen oder anderen Geschichte selbst wiederzufinden und eigene Erlebnisse mit denen\u00a0der Autorin zu vergleichen. Doris Pikal versteht es meisterhaft, sich mit viel Humor und\u00a0Einf\u00fchlungsverm\u00f6gen \u00fcber die Hindernisse, die das Alltagsleben nun einmal mit sich bringt\u00a0hinwegzusetzen. .Dabei helfen ihr auch ihre \u201eStossd\u00e4mpfer\u201c, die schwere Schicksalsschl\u00e4ge\u00a0ertr\u00e4glicher machen, vor allem ihr Glaube an eine h\u00f6here Macht und einen alles umfassenden\u00a0Sinn des Lebens.<\/p>\n<p style=\"padding-left: 30px;\">\u00a0Schrittweise, von Seite zu Seite , gibt die Autorin Einblick in ihr Leben. Die Erinnerungen an\u00a0eine gl\u00fcckliche, geborgene Kindheit wechseln mit den Erfahrungen, die ein Familienleben,\u00a0der Aufbau einer Existenz, das Leben auf dem Lande mit sich gebracht haben. Abgerundet\u00a0durch ihre Beobachtungen als Kassierin eines Supermarktes, die versucht hinter die Menschen\u00a0zu blicken, die ihre Waren vor ihr ausbreiten. Besonders k\u00f6stlich sind die Beschreibungen\u00a0der Auto-und Traktorabenteuer, die zum Gl\u00fcck immer gut ausgegangen sind.<\/p>\n<p style=\"padding-left: 30px;\">Gerade\u00a0diese Abenteuer aus einer Zeit, als das Autofahren f\u00fcr den Normalverbraucher noch in den\u00a0Kinderschuhen steckte, werden manche Erinnerungen an eigene Pannen wecken.\u00a0Aber das Leben hat auch andere Seiten. Wie ein Blitz zerst\u00f6rte ein schwerer unverschuldeter\u00a0Verkehrsunfall des Sohnes das gl\u00fcckliche Familienleben. Ersch\u00fctternd beschreibt Doris Pikal\u00a0den Kampf um sein \u00dcberleben, die Monate in Klinik und Reha, die Schwierigkeiten als\u00a0Schwerst Behinderter mit dem Schicksal zurecht zu kommen und einen neuen Weg zu\u00a0finden. Acht Monate besuchte die Familie Daniel t\u00e4glich, ein halbes Jahr fuhren sie jedes\u00a0Wochenende nach Wien um ihn nach Hause zu holen und zur\u00fcckzubringen. Aber, so schreibt\u00a0die Mutter: \u201e es hat sich gelohnt.\u201c<\/p>\n<p style=\"padding-left: 30px;\">Eingestreut in die unterschiedlichen Erz\u00e4hlungen sind Gedichte der Autorin, teilweise in\u00a0Mundart, die sie auch als gute Lyrikerin ausweisen. Thema ist vor allem die Familie und die\u00a0Liebe, die ihr Leben ganz ausf\u00fcllt. Diese Liebe sp\u00fcrt man auch in dem Vorwort, das ihr Gatte\u00a0Otto Pikal geschrieben hat und das mit den Worten endet:\u201c Sie liebt die Menschen und das\u00a0Leben und hat ein offenes Herz f\u00fcr alles, was sie umgibt ,und genauso sind auch ihre Werke,\u00a0die wie ich hoffe, auch eure Herzen erw\u00e4rmen m\u00f6gen.<\/p>\n<p style=\"padding-left: 30px;\">Christine Michelfeit<\/p>\n<p><strong>Waun&#8217;s st\u00fc wird:\u00a0<\/strong>Heitere und besinnliche Episoden aus meiner Familie in Kurzgeschichten und Versen\u00a0&#8211; Eine Bereicherung f\u00fcr jede Adventstunde<\/p>\n<p><a href=\"https:\/\/www.pikal.at\/wordpress\/wp-content\/uploads\/2011\/12\/Wauns_stue_wird.jpg\"><img loading=\"lazy\" decoding=\"async\" class=\"alignnone size-medium wp-image-25\" title=\"Wahns st\u00fc wird\" src=\"https:\/\/www.pikal.at\/wordpress\/wp-content\/uploads\/2011\/12\/Wauns_stue_wird-162x300.jpg\" alt=\"\" width=\"162\" height=\"300\" srcset=\"https:\/\/www.pikal.at\/wordpress\/wp-content\/uploads\/2011\/12\/Wauns_stue_wird-162x300.jpg 162w, https:\/\/www.pikal.at\/wordpress\/wp-content\/uploads\/2011\/12\/Wauns_stue_wird.jpg 334w\" sizes=\"auto, (max-width: 162px) 100vw, 162px\" \/><\/a><\/p>\n<p>Bestellungen sind m\u00f6glich \u00fcber:<br \/>\nden Online-Shop des Verlages: <a title=\"Homepage des Verlag CCu\" href=\"http:\/\/www.verlag-ccu.com\" target=\"_blank\" rel=\"noopener noreferrer\">www.verlag-ccu.com<\/a><br \/>\noder per e-mail: <a title=\"Email an dern Verlag CCU\" href=\"mailto:shop@verlag-ccu.com\">shop@verlag-ccu.com<\/a><br \/>\nsowie telefonisch unter 01\/8693312<br \/>\nErh\u00e4ltlich auch in allen Buchhandlungen und auf <a title=\"B\u00fccher von Doris Pikal auf Amazon\" href=\"http:\/\/www.amazon.de\/s\/url=search-alias%3Dstripbooks&amp;field-keywords=doris%2Bpikal\">www.amazon.at<\/a><\/p>\n<p>&nbsp;<\/p>\n","protected":false},"excerpt":{"rendered":"<p>Mein neuestes Buch &#8220; In Bewegung&#8220;\u00a0ist im November erschienen. &#8222;Quer durchs Land&#8220;\u00a0 &#8211; Rund um den Wiener Neust\u00e4dter Kanal Mit dem Feingef\u00fchl f\u00fcr das vielf\u00e4ltige Farbenspiel der Natur und der Gabe, im richtigen Augenblick auf den Ausl\u00f6ser zu dr\u00fccken, gelang &hellip; <a href=\"https:\/\/www.pikal.at\/wordpress\/?page_id=29\">Weiterlesen <span class=\"meta-nav\">&rarr;<\/span><\/a><\/p>\n","protected":false},"author":1,"featured_media":0,"parent":0,"menu_order":0,"comment_status":"closed","ping_status":"open","template":"","meta":{"footnotes":""},"class_list":["post-29","page","type-page","status-publish","hentry"],"_links":{"self":[{"href":"https:\/\/www.pikal.at\/wordpress\/index.php?rest_route=\/wp\/v2\/pages\/29","targetHints":{"allow":["GET"]}}],"collection":[{"href":"https:\/\/www.pikal.at\/wordpress\/index.php?rest_route=\/wp\/v2\/pages"}],"about":[{"href":"https:\/\/www.pikal.at\/wordpress\/index.php?rest_route=\/wp\/v2\/types\/page"}],"author":[{"embeddable":true,"href":"https:\/\/www.pikal.at\/wordpress\/index.php?rest_route=\/wp\/v2\/users\/1"}],"replies":[{"embeddable":true,"href":"https:\/\/www.pikal.at\/wordpress\/index.php?rest_route=%2Fwp%2Fv2%2Fcomments&post=29"}],"version-history":[{"count":37,"href":"https:\/\/www.pikal.at\/wordpress\/index.php?rest_route=\/wp\/v2\/pages\/29\/revisions"}],"predecessor-version":[{"id":686,"href":"https:\/\/www.pikal.at\/wordpress\/index.php?rest_route=\/wp\/v2\/pages\/29\/revisions\/686"}],"wp:attachment":[{"href":"https:\/\/www.pikal.at\/wordpress\/index.php?rest_route=%2Fwp%2Fv2%2Fmedia&parent=29"}],"curies":[{"name":"wp","href":"https:\/\/api.w.org\/{rel}","templated":true}]}}