{"id":852,"date":"2024-11-25T10:31:37","date_gmt":"2024-11-25T09:31:37","guid":{"rendered":"https:\/\/www.pikal.at\/wordpress\/?page_id=852"},"modified":"2024-11-25T10:36:52","modified_gmt":"2024-11-25T09:36:52","slug":"uebersetzung","status":"publish","type":"page","link":"https:\/\/www.pikal.at\/wordpress\/?page_id=852","title":{"rendered":"\u00dcbersetzung"},"content":{"rendered":"\n<p>Hier findet man Dialekt Texte auf hochdeutsch<\/p>\n\n\n\n<p>Waun&#8217;s st\u00fc&#8216; wird &#8211; Wenn es still wird<\/p>\n\n\n\n<p>Es wird still auf den Almen, der Senn ist zu Haus<br>Sacht breitet der Winter die Schneedecke aus<br>Das Vieh ist im Tal, ihre Gl\u00f6ckchen verhallt<br>Die Stille verk\u00fcndet, es weihnachtet bald.<\/p>\n\n\n\n<p>Der Park wirkt verlassen, die B\u00e4nke sind leer<br>Vom Spielplatz ert\u00f6nt kaum ein Kinderschrei`n mehr<br>Die Gro\u00dfen und Kleinen sind meistens zu Haus<br>Und denken sich Dinge f\u00fcr Weihnachten aus.<\/p>\n\n\n\n<p>Es klappern die Nadeln, es raschelt Papier<br>Sie basteln gemeinsam `ne Krippe, `nen Stier<br>Einen Trog f\u00fcr die Hasen, aus Stroh sch\u00f6ne Sterne<br>F\u00fcr die V\u00f6gel ein H\u00e4uschen mit N\u00fcssen und Kerne.<\/p>\n\n\n\n<p>Es wird still in der Stube, wenn man liest wie das war<br>Als der Heiland geboren vor 2000 Jahr<br>In dem windigen Stall ohne Kleidung und Geld<br>Geht es uns nicht viel besser in der heutigen Welt?<\/p>\n\n\n\n<p>Es wird still in den Herzen, wenn man nicht mehr nur denkt<br>\u201eIch will\u201c und \u201eIch brauch\u201c sondern selbst etwas schenkt<br>Jene Freud l\u00e4sst vergessen manch eigenes Leid<br>Und bringt Frieden und Stille zur Weihnachtszeit.<\/p>\n\n\n\n<p><\/p>\n","protected":false},"excerpt":{"rendered":"<p>Hier findet man Dialekt Texte auf hochdeutsch Waun&#8217;s st\u00fc&#8216; wird &#8211; Wenn es still wird Es wird still auf den Almen, der Senn ist zu HausSacht breitet der Winter die Schneedecke ausDas Vieh ist im Tal, ihre Gl\u00f6ckchen verhalltDie Stille &hellip; <a href=\"https:\/\/www.pikal.at\/wordpress\/?page_id=852\">Weiterlesen <span class=\"meta-nav\">&rarr;<\/span><\/a><\/p>\n","protected":false},"author":2,"featured_media":0,"parent":0,"menu_order":0,"comment_status":"closed","ping_status":"closed","template":"","meta":{"footnotes":""},"class_list":["post-852","page","type-page","status-publish","hentry"],"_links":{"self":[{"href":"https:\/\/www.pikal.at\/wordpress\/index.php?rest_route=\/wp\/v2\/pages\/852","targetHints":{"allow":["GET"]}}],"collection":[{"href":"https:\/\/www.pikal.at\/wordpress\/index.php?rest_route=\/wp\/v2\/pages"}],"about":[{"href":"https:\/\/www.pikal.at\/wordpress\/index.php?rest_route=\/wp\/v2\/types\/page"}],"author":[{"embeddable":true,"href":"https:\/\/www.pikal.at\/wordpress\/index.php?rest_route=\/wp\/v2\/users\/2"}],"replies":[{"embeddable":true,"href":"https:\/\/www.pikal.at\/wordpress\/index.php?rest_route=%2Fwp%2Fv2%2Fcomments&post=852"}],"version-history":[{"count":2,"href":"https:\/\/www.pikal.at\/wordpress\/index.php?rest_route=\/wp\/v2\/pages\/852\/revisions"}],"predecessor-version":[{"id":855,"href":"https:\/\/www.pikal.at\/wordpress\/index.php?rest_route=\/wp\/v2\/pages\/852\/revisions\/855"}],"wp:attachment":[{"href":"https:\/\/www.pikal.at\/wordpress\/index.php?rest_route=%2Fwp%2Fv2%2Fmedia&parent=852"}],"curies":[{"name":"wp","href":"https:\/\/api.w.org\/{rel}","templated":true}]}}