{"id":89,"date":"2011-12-24T07:00:17","date_gmt":"2011-12-24T06:00:17","guid":{"rendered":"http:\/\/www.pikal.at\/wordpress\/?page_id=89"},"modified":"2011-12-24T11:37:29","modified_gmt":"2011-12-24T10:37:29","slug":"die-naturalienwahrung","status":"publish","type":"page","link":"https:\/\/www.pikal.at\/wordpress\/?page_id=89","title":{"rendered":"Die Naturalienw\u00e4hrung"},"content":{"rendered":"<p>Als wir in unserem Haus zu renovieren begannen und ich meinen Mann in die Baugesch\u00e4fte begleitete, sah ich erst wieviel alles kostete und wir wenig wir das was man so hatte sch\u00e4tzte. Bei den neuen Fenstern die ich gerne gehabt h\u00e4tte traf mich fast der Schlag und bei der neuen Haust\u00fcre blieb mir die Spucke weg.\u00a0\u201eVergi\u00df es!\u201c sagte mein Mann. Wir begn\u00fcgten uns damit die K\u00fcche auszumalen und hinter der Kochzeile Fliesen zu verlegen. Das h\u00e4tten wir uns sparen k\u00f6nnen, aber das wu\u00dften wir damals noch nicht.<\/p>\n<p>Wir \u00fcberschlugen immer die Preise f\u00fcr die Dinge die wir brauchten und ich merkte pl\u00f6tzlich wie wir begannen in anderen W\u00e4hrungen zu rechnen. So kostete ein Wochenendeinkauf nicht mehr soundso viel&#8230;. sondern zum Beispiel ein halbes Fenster. Haben sie jemals ein halbes Fenster gekauft? Es war jedenfalls die W\u00e4hrungsphase in der wir uns gerade befanden.\u00a0Ein anderes Mal, wir waren dabei die unteren Zimmer zu streichen, hatte mein Mann eine Polizeistrafe zu bezahlen: wegen langsamfahren. Nach einer Beerdigung war er in Gedanken versunken hinter einem Autofahrer auf der Mittelspur nachgefahren. Hinter ihm kam ein Auto heran, hupte und blinkte ihn an. Nun ist mein Taxler keiner den man mit solchen Aktionen in`s Bockshorn jagen kann. \u201eNa \u00fcberhol doch, wenn ich dir zu langsam bin, is eh noch eine Spur frei.\u201c Der wei\u00dfe Kombi fuhr ganz knapp hinten an seine Sto\u00dfstange. Nun begann sich mein Mann zu \u00e4rgern.\u00a0\u201eNa wos is. W\u00fchst ma Aungst moch`n? Do mua\u00dft oba a bi\u00dfl fr\u00fcha aufsteh`n. Waun i a neiche Lackierung brauchert, daun t\u00e4t i jetzt a klan`s Bremserl moch`n. Do t\u00e4t`st oba liab schau`n Foar do endlich vur du Wabbla.\u201c schimpfte er in seinem F\u00fchrerhaus.<\/p>\n<p>Der Wabbla fuhr vor und hielt ihn auf. Es war die Gendarmerie.\u00a0Mein Allerbester, der ein paar Male hinter einander in die Radarfalle gegangen war, nein er war kein Raser, es waren statt 50 km\/h leider 57km\/h gewesen, wurde bestraft weil er zu langsam fuhr.\u00a0\u201eH\u00f6ren Sie\u201c begann er sich zu rechtfertigen \u201eich werd bestraft weil ich nicht \u00fcberholt habe und hinter einem anderen nachgefahren bin?! Was glauben Sie was die Autofahrer da tun? Die fahren alle hinter einem anderen nach. Wenn Ihr die alle verfolgen wollt`s da habt ihr aber viel zu tun. Ich glaub ihr seid`s a bi\u00dfl gest\u00f6rt?!\u201c\u00a0\u201eWerden `s nicht frech sonst zahlen`s noch mehr wegen Beamtenbeleidigung.!\u201c\u00a0\u201eAber Herr Inspektor, i bin a armer H\u00e4uslbauer. Wissen`s wie v\u00fch K\u00fcbeln Farb des sind?\u201c\u00a0Der Herr Inspektor wu\u00dfte es nicht. Er hatte auch kein Erbarmen. Er l\u00e4chelte mitleidig als er sah, da\u00df er meinem Mann die Geldb\u00f6rse bis auf den letzten Groschen ausr\u00e4umte, aber es war mehr ein \u201cDu armer Wurm, ich k\u00f6nnte dich zertreten\u201c Blick.<\/p>\n<p>Ein anderes Mal waren wir dabei ein kleines Aquarium f\u00fcr die K\u00fcche einzurichten. Jeder Cent den wir aufbringen konnten, flo\u00df in das neue Schmuckst\u00fcck, alles was nicht unbedingt sein mu\u00dfte wurde gestrichen. Ich hatte mich f\u00fcr einen Fortbildungskurs angemeldet. Auf die Frage was das kostete sagte ich nur \u201eEh nicht viel\u201c und nannte ihm die Summe.\u00a0\u201eUm das Geld kann ich schon wieder zwei Guppys kaufen schmollte er.\u00a0Aber auch andere kannten diese seltsame W\u00e4hrung.<\/p>\n<p>Unl\u00e4ngst war ich auf dem Gemeindeamt um die Wahlkarte f\u00fcr meine Mutter abzuholen. Dabei erkundigte ich mich nach dem Preis f\u00fcr die neue Saisonkarte. Die Sekret\u00e4rin rechnete herum. \u201e48 Euro\u201c gab sie mir zur Antwort.\u00a0\u201eAlso 50 um den Daumen\u201c rundete ich der Einfachheit halber auf.\u00a0\u201eSind `s net so gro\u00dfz\u00fcgig\u201c r\u00fcgte sie mich. \u201edas ist schon wieder ein halbes Packerl Kaffee!!\u201c<\/p>\n<p style=\"text-align: center;\">Doris Pikal<\/p>\n","protected":false},"excerpt":{"rendered":"<p>Als wir in unserem Haus zu renovieren begannen und ich meinen Mann in die Baugesch\u00e4fte begleitete, sah ich erst wieviel alles kostete und wir wenig wir das was man so hatte sch\u00e4tzte. Bei den neuen Fenstern die ich gerne gehabt &hellip; <a href=\"https:\/\/www.pikal.at\/wordpress\/?page_id=89\">Weiterlesen <span class=\"meta-nav\">&rarr;<\/span><\/a><\/p>\n","protected":false},"author":1,"featured_media":0,"parent":56,"menu_order":0,"comment_status":"closed","ping_status":"open","template":"","meta":{"footnotes":""},"class_list":["post-89","page","type-page","status-publish","hentry"],"_links":{"self":[{"href":"https:\/\/www.pikal.at\/wordpress\/index.php?rest_route=\/wp\/v2\/pages\/89","targetHints":{"allow":["GET"]}}],"collection":[{"href":"https:\/\/www.pikal.at\/wordpress\/index.php?rest_route=\/wp\/v2\/pages"}],"about":[{"href":"https:\/\/www.pikal.at\/wordpress\/index.php?rest_route=\/wp\/v2\/types\/page"}],"author":[{"embeddable":true,"href":"https:\/\/www.pikal.at\/wordpress\/index.php?rest_route=\/wp\/v2\/users\/1"}],"replies":[{"embeddable":true,"href":"https:\/\/www.pikal.at\/wordpress\/index.php?rest_route=%2Fwp%2Fv2%2Fcomments&post=89"}],"version-history":[{"count":2,"href":"https:\/\/www.pikal.at\/wordpress\/index.php?rest_route=\/wp\/v2\/pages\/89\/revisions"}],"predecessor-version":[{"id":144,"href":"https:\/\/www.pikal.at\/wordpress\/index.php?rest_route=\/wp\/v2\/pages\/89\/revisions\/144"}],"up":[{"embeddable":true,"href":"https:\/\/www.pikal.at\/wordpress\/index.php?rest_route=\/wp\/v2\/pages\/56"}],"wp:attachment":[{"href":"https:\/\/www.pikal.at\/wordpress\/index.php?rest_route=%2Fwp%2Fv2%2Fmedia&parent=89"}],"curies":[{"name":"wp","href":"https:\/\/api.w.org\/{rel}","templated":true}]}}